 + -1?
-5520
In base 8, what is -3 - -6470?
6465
In base 8, what is -20 - 30?
-50
In base 14, what is -6d + -5?
-74
In base 12, what is 0 + -3?
-3
In base 2, what is -11101111 - -100?
-11101011
In base 5, what is 2 + 2014?
2021
In base 12, what is -8 + -5?
-11
In base 14, what is 5 + -2b?
-26
In base 5, what is -2 - 24?
-31
In base 2, what is -1 + 110001?
110000
In base 5, what is 2 - 203?
-201
In base 2, what is -100011100111 - 1?
-100011101000
In base 11, what is 31 - -111?
142
In base 15, what is -4 - -43?
3e
In base 12, what is -4 + 214?
210
In base 12, what is -3b0 - -2?
-3aa
In base 13, what is 2 + 1?
3
In base 4, what is -131232 - 3?
-131301
In base 14, what is 6 + 347?
34d
In base 2, what is -100 + 10000110?
10000010
In base 6, what is 0 + 23253?
23253
In base 4, what is 131 - 112?
13
In base 15, what is -57 - 3?
-5a
In base 4, what is 121320 - 1?
121313
In base 10, what is 81 - -1?
82
In base 16, what is -14 + 54?
40
In base 2, what is -101110101100 - 1?
-101110101101
In base 11, what is -18 - 50?
-68
In base 15, what is -3da - -b?
-3ce
In base 8, what is -1 + -640?
-641
In base 15, what is c + -28?
-1b
In base 11, what is 6 - -111?
117
In base 9, what is -488 + -5?
-504
In base 14, what is 86 + 2?
88
In base 15, what is -4 - -1e5?
1e1
In base 14, what is -1a + -24?
-40
In base 11, what is 1277 - a?
1268
In base 5, what is -3 + 202?
144
In base 10, what is -299 + 3?
-296
In base 8, what is 33 + 3?
36
In base 10, what is 44 - 74?
-30
In base 4, what is -222 - 0?
-222
In base 8, what is 60 + -33?
25
In base 11, what is -253a - -2?
-2538
In base 2, what is -100100 - 1010110?
-1111010
In base 14, what is 136d - -5?
1374
In base 15, what is 0 - -116?
116
In base 10, what is 11 - -95?
106
In base 8, what is -5 - 356?
-363
In base 4, what is 301 + 2?
303
In base 12, what is b - 427?
-418
In base 8, what is -26 - 111?
-137
In base 4, what is -11 - 221001?
-221012
In base 11, what is -3 + -3?
-6
In base 11, what is -4745 + -4?
-4749
In base 7, what is 3 - -2313?
2316
In base 9, what is -1 + 172?
171
In base 12, what is -4 + 32?
2a
In base 13, what is -4a2 - -6?
-499
In base 6, what is -20 - 132?
-152
In base 5, what is -10 + -4313?
-4323
In base 14, what is -8c + 0?
-8c
In base 8, what is 3 + -136?
-133
In base 4, what is -231020 + -1?
-231021
In base 7, what is 6 - -1561?
1600
In base 10, what is -30 + 1?
-29
In base 9, what is 36 - -31?
67
In base 13, what is 21 + 22c?
250
In base 2, what is 1 - 10001011?
-10001010
In base 7, what is 14 - -22?
36
In base 7, what is -6110 - 4?
-6114
In base 11, what is 78 - -7?
84
In base 13, what is 1 - -1c7?
1c8
In base 4, what is 10 - 313?
-303
In base 15, what is -4 + -43e?
-443
In base 13, what is 214 + 6?
21a
In base 14, what is -42d + 3?
-42a
In base 12, what is -1 - -49?
48
In base 12, what is -460 - -2?
-45a
In base 11, what is 8a5 + 4?
8a9
In base 10, what is -143 + 2?
-141
In base 13, what is -62 + -9?
-6b
In base 15, what is -1 + -41e?
-420
In base 14, what is 1622 + 0?
1622
In base 5, what is 0 - 334?
-334
In base 14, what is 5 + a0c?
a13
In base 7, what is 2 + -33?
-31
In base 5, what is -1223314 - 4?
-1223323
In base 5, what is 224134 + -2?
224132
In base 10, what is 32 - -7?
39
In base 11, what is 3 + 23?
26
In base 5, what is 12101 - 11?
12040
In base 7, what is -2 + -56?
-61
In base 4, what is -13 - 33?
-112
In base 14, what is 2370 - -4?
2374
In base 8, what is 10 - 4?
4
In base 7, what is 2316 + 2?
2321
In base 4, what is -2012 - -20?
-1332
In base 3, what is -11010 + -11?
-11021
In base 9, what is -2221 - 1?
-2222
In base 4, what is 1001 + -2?
333
In base 4, what is 113132 - -31?
113223
In base 4, what is -112 - 2110?
-2222
In base 9, what is 52 + 12?
64
In base 3, what is 1212 + -11?
1201
In base 13, what is -25 - -70?
48
In base 15, what is 0 - -90?
90
In base 2, what is -1000 - -1?
-111
In base 5, what is 13210 + 22?
13232
In base 3, what is 11 + 2100212?
2101000
In base 13, what is 94 - 8?
89
In base 7, what is 25 + 144?
202
In base 8, what is 36 + 12?
50
In base 15, what is -5 - -2de?
2d9
In base 12, what is -3 + 106?
103
In base 10, what is -5 - 6?
-11
In base 6, what is 121 + -5?
112
In base 2, what is 111011001100 + -110?
111011000110
In base 4, what is 302 + -11?
231
In base 10, what is -7 + -304?
-311
In base 9, what is -4 + 28?
24
In base 6, what is 4342 - -1?
4343
In base 4, what is 211 + 101?
312
In base 13, what is 0 + 42?
42
In base 2, what is -11010011010 - -11?
-11010010111
In base 10, what is -47 + 32?
-15
In base 6, what is 12 + -51?
-35
In base 10, what is 613 - 0?
613
In base 2, what is 11 - 1101?
-1010
In base 11, what is -198 - -1?
-197
In base 5, what is 4 - 30?
-21
In base 2, what is -111 - -11110?
10111
In base 15, what is -2 + 8?
6
In base 14, what is 8211 - 2?
820d
In base 8, what is -1461 - 3?
-1464
In base 14, what is -8 - 310?
-318
In base 15, what is 0 + 3?
3
In base 2, what is 101 - -1001000?
1001101
In base 15, what is -24 + 6?
-1d
In base 11, what is 5 - -136?
140
In base 14, what is 1 - -70?
71
In base 9, what is 104 - 0?
104
In base 13, what is 33 + 90?
c3
In base 14, what is -a + 1?
-9
In base 8, what is -5 + -455?
-462
In base 3, what is -10 - -11002201?
11002121
In base 10, what is -3 - -59?
56
In base 14, what is a + -dd?
-d3
In base 10, what is -12 + 41?
29
In base 6, what is 155 + 3?
202
In base 2, what is 0 + 1001010101?
1001010101
In base 3, what is -210 + 111?
-22
In base 11, what is 6 + -5a1?
-596
In base 11, what is 2 + 2466?
2468
In base 11, what is -1532 + 1?
-1531
In base 3, what is -2221 - 121?
-10112
In base 8, what is 124 + 4?
130
In base 8, what is -160 - 213?
-373
In base 12, what is 275a + 5?
2763
In base 6, what is 5 + -5121?
-5112
In base 6, what is 25400 + -5?
25351
In base 15, what is 5 - 31?
-2b
In base 8, what is 4 + -432?
-426
In base 13, what is 9 + 1a?
26
In base 2, what is -11 - 100011011101?
-100011100000
In base 16, what is -cb + 1?
-ca
In base 14, what is 60 + 1?
61
In base 2, what is 11010000111 + -10?
11010000101
In base 9, what is 34 + 24?
58
In base 9, what is -3 - -512?
508
In base 3, what is -201 + 100000?
22022
In base 2, what is -11000 - 100?
-11100
In base 14, what is 31 + -1?
30
In base 13, what is -a + -442?
-44c
In base 3, what is 2221022 + 2?
2221101
In base 16, what is 1 - 63f?
-63e
In base 12, what is -195 + -39?
-212
In base 3, what is 1101121 - 0?
1101121
In base 6, what is 11 + -5004?
-4553
In base 13, what is 61 - -2?
63
In base 8, what is 3 - 136?
-133
In base 6, what is -100 + 351?
251
In base 13, what is 107 - 4c?
88
In base 7, what is -5 - 101?
-106
In base 7, what is -34 - 36?
-103
In base 16, what is 1c5 - -1?
1c6
In base 7, what is -21006 - 4?
-21013
In base 2, what is -10001001 + 11010?
-1101111
In base 8, what is 27 - -42?
71
In base 15, what is -3 + -c5?
-c8
In base 15, what is b + 6?
12
In base 14, what is -1 + 99b?
99a
In base 6, what is 11 + -1000?
-545
In base 7, what is 0 + -312?
-312
In base 2, what is -10 + 1011010101101?
1011010101011
In base 14, what is 5d + 7?
66
In base 7, what is -1155 + 1?
-1154
In base 11, what is -4 - -47?
43
In base 10, what is 16 - 272?
-256
In base 11, what is -aa2 + 1?
-aa1
In base 16, what is 1a - 2?
18
In base 13, what is 3 + -596?
-593
In base 4, what is -31202 + -10?
-31212
In base 7, what is 0 + -410?
-410
In base 12, what is -664 + -5?
-669
In base 7, what is 2 - 43?
-41
In base 9, what is 0 + 0?
0
In base 7, what is 1455 - -1?
1456
In base 5, what is -14 - 1303?
-1322
In base 14, what is 9 - 2b?
-22
In base 2, what is 100 - 100001?
-11101
In base 14, what is 30b - 18?
2d3
In base 9, what is 538 - -7?
546
In base 3, what is -112 - -22?
-20
In base 11, what is -727 + -3?
-72a
In base 7, what is -566 - -6?
-560
In base 15, what is -4 - -2?
-2
In base 13, what is 17 + -2?
15
In base 6, what is 4140 - 3?
4133
In base 13, what is -107 - -34?
-a3
In base 8, what is -3 - 12?
-15
In base 12, what is -2 + -4?
-6
In base 5, what is 22411 + -1?
22410
In base 5, what is -122 - 1043?
-1220
In base 11, what is 0 + 283?
283
In base 8, what is 354 - -2?
356
In base 5, what is -2 - 1133?
-1140
In base 16, what is -358 + 0?
-358
In base 7, what is -5 - 26?
-34
In base 14, what is -7 - -5?
-2
In base 2, what is -1111 - 1010010?
-1100001
In base 7, what is 1 - -354